{"id":2559,"date":"2023-09-08T10:22:29","date_gmt":"2023-09-08T08:22:29","guid":{"rendered":"https:\/\/www.shopyser.fr\/?post_type=product&#038;p=2559"},"modified":"2025-05-19T17:30:15","modified_gmt":"2025-05-19T15:30:15","slug":"tourneviscle-en-t","status":"publish","type":"product","link":"https:\/\/www.shopyser.fr\/?product=tourneviscle-en-t","title":{"rendered":"Tournevis+cl\u00e9 en T"},"content":{"rendered":"<p>Le Tournevis+cl\u00e9 en T comprend plusieurs tournevis adapt\u00e9s \u00e0 tous les types de vis. Id\u00e9al pour monter des meubles, ouvrir des appareils ou r\u00e9parer des \u00e9quipements. Poign\u00e9es ergonomiques et t\u00eates magn\u00e9tiques pour plus d\u2019efficacit\u00e9.<\/p>\n<p>Mots-cl\u00e9s SEO : tournevis, kit de vissage, bricolage maison, outils main, tournevis magn\u00e9tique.<\/p>\n","protected":false},"excerpt":{"rendered":"<p>Jeu de tournevis robuste pour vissage et d\u00e9montage au quotidien.<\/p>\n","protected":false},"featured_media":1111,"comment_status":"open","ping_status":"closed","template":"","meta":[],"product_brand":[832],"product_cat":[725,16],"product_tag":[43,1192],"class_list":{"0":"post-2559","1":"product","2":"type-product","3":"status-publish","4":"has-post-thumbnail","6":"product_brand-shopyser","7":"product_cat-a-main","8":"product_cat-outillage","9":"product_tag-cuisine","10":"product_tag-tourneviscle-en-t","12":"first","13":"instock","14":"taxable","15":"shipping-taxable","16":"purchasable","17":"product-type-simple"},"jetpack_sharing_enabled":true,"_links":{"self":[{"href":"https:\/\/www.shopyser.fr\/index.php?rest_route=\/wp\/v2\/product\/2559","targetHints":{"allow":["GET"]}}],"collection":[{"href":"https:\/\/www.shopyser.fr\/index.php?rest_route=\/wp\/v2\/product"}],"about":[{"href":"https:\/\/www.shopyser.fr\/index.php?rest_route=\/wp\/v2\/types\/product"}],"replies":[{"embeddable":true,"href":"https:\/\/www.shopyser.fr\/index.php?rest_route=%2Fwp%2Fv2%2Fcomments&post=2559"}],"wp:featuredmedia":[{"embeddable":true,"href":"https:\/\/www.shopyser.fr\/index.php?rest_route=\/wp\/v2\/media\/1111"}],"wp:attachment":[{"href":"https:\/\/www.shopyser.fr\/index.php?rest_route=%2Fwp%2Fv2%2Fmedia&parent=2559"}],"wp:term":[{"taxonomy":"product_brand","embeddable":true,"href":"https:\/\/www.shopyser.fr\/index.php?rest_route=%2Fwp%2Fv2%2Fproduct_brand&post=2559"},{"taxonomy":"product_cat","embeddable":true,"href":"https:\/\/www.shopyser.fr\/index.php?rest_route=%2Fwp%2Fv2%2Fproduct_cat&post=2559"},{"taxonomy":"product_tag","embeddable":true,"href":"https:\/\/www.shopyser.fr\/index.php?rest_route=%2Fwp%2Fv2%2Fproduct_tag&post=2559"}],"curies":[{"name":"wp","href":"https:\/\/api.w.org\/{rel}","templated":true}]}}