{"id":1931,"date":"2023-09-08T10:09:43","date_gmt":"2023-09-08T08:09:43","guid":{"rendered":"https:\/\/www.shopyser.fr\/?post_type=product&#038;p=1931"},"modified":"2025-05-19T17:26:57","modified_gmt":"2025-05-19T15:26:57","slug":"poele-28cm","status":"publish","type":"product","link":"https:\/\/www.shopyser.fr\/?product=poele-28cm","title":{"rendered":"Po\u00eale 28cm"},"content":{"rendered":"<p>Cette po\u00eale est parfaite pour cuisiner tous vos plats pr\u00e9f\u00e9r\u00e9s sans que \u00e7a colle. Gr\u00e2ce \u00e0 son rev\u00eatement antiadh\u00e9sif, elle offre une cuisson homog\u00e8ne et un nettoyage facile.<\/p>\n<p>Adapt\u00e9e \u00e0 tous types de feux, y compris induction.<\/p>\n<p>Mots-cl\u00e9s SEO : po\u00eale antiadh\u00e9sive, ustensile cuisine, cuisson rapide, po\u00eale induction.<\/p>\n","protected":false},"excerpt":{"rendered":"<p>Po\u00eale antiadh\u00e9sive id\u00e9ale pour une cuisson rapide et sans accrocs.<\/p>\n","protected":false},"featured_media":1417,"comment_status":"closed","ping_status":"closed","template":"","meta":[],"product_brand":[832],"product_cat":[40,731],"product_tag":[43,886],"class_list":{"0":"post-1931","1":"product","2":"type-product","3":"status-publish","4":"has-post-thumbnail","6":"product_brand-shopyser","7":"product_cat-cuisine","8":"product_cat-ustensile-de-cuisine","9":"product_tag-cuisine","10":"product_tag-poele-28cm","12":"first","13":"instock","14":"taxable","15":"shipping-taxable","16":"purchasable","17":"product-type-simple"},"jetpack_sharing_enabled":true,"_links":{"self":[{"href":"https:\/\/www.shopyser.fr\/index.php?rest_route=\/wp\/v2\/product\/1931","targetHints":{"allow":["GET"]}}],"collection":[{"href":"https:\/\/www.shopyser.fr\/index.php?rest_route=\/wp\/v2\/product"}],"about":[{"href":"https:\/\/www.shopyser.fr\/index.php?rest_route=\/wp\/v2\/types\/product"}],"replies":[{"embeddable":true,"href":"https:\/\/www.shopyser.fr\/index.php?rest_route=%2Fwp%2Fv2%2Fcomments&post=1931"}],"wp:featuredmedia":[{"embeddable":true,"href":"https:\/\/www.shopyser.fr\/index.php?rest_route=\/wp\/v2\/media\/1417"}],"wp:attachment":[{"href":"https:\/\/www.shopyser.fr\/index.php?rest_route=%2Fwp%2Fv2%2Fmedia&parent=1931"}],"wp:term":[{"taxonomy":"product_brand","embeddable":true,"href":"https:\/\/www.shopyser.fr\/index.php?rest_route=%2Fwp%2Fv2%2Fproduct_brand&post=1931"},{"taxonomy":"product_cat","embeddable":true,"href":"https:\/\/www.shopyser.fr\/index.php?rest_route=%2Fwp%2Fv2%2Fproduct_cat&post=1931"},{"taxonomy":"product_tag","embeddable":true,"href":"https:\/\/www.shopyser.fr\/index.php?rest_route=%2Fwp%2Fv2%2Fproduct_tag&post=1931"}],"curies":[{"name":"wp","href":"https:\/\/api.w.org\/{rel}","templated":true}]}}